nits digit of b?
7
Let r(y) = y**3 - y**2 + 9. Let o be ((-3)/3 - 0)*0. What is the units digit of r(o)?
9
Let k(v) = -v**3 + 19*v**2 - 6*v + 35. What is the units digit of k(18)?
1
Suppose 2*v - 161 + 11 = 0. What is the tens digit of v?
7
Let y be 3 - (34 - 0/(-3)). Let a = 33 - y. Suppose -4*l + a = 2*q, l + q + 36 = 3*l. What is the units digit of l?
7
Let n(q) = -q**2 - 9*q + 3. Let i(b) = 8*b**3 + 2*b + 1. Let x be i(-1). What is the units digit of n(x)?
3
Let d be 2*2*(-60)/(-16). Let a be 4/16 + d/4. What is the units digit of (a - -1)*6/15?
2
Suppose 3*n + 3 = 15. Suppose l = 3 + 2, -n*p = -2*l - 50. What is the tens digit of p?
1
Let l(v) = v**3 - 5*v**2 - 7*v - 8. What is the tens digit of l(8)?
2
Suppose 3*b + 6*n = n - 13, -2*b - 8 = 4*n. Let z be (6/(-2) + b)*-1. Let s = z - 8. What is the units digit of s?
1
Suppose -2*m - 2*j = -140, -215 = -4*m - j + 77. What is the tens digit of m?
7
Let o = 20 - 29. Let j(i) = i**2 + 9*i + 11 + 6*i - 5*i. What is the units digit of j(o)?
2
Suppose 4*j + 2 - 14 = 0. Suppose -2 = -j*f + 10. Suppose 0 = -2*p + f*p - 6. What is the units digit of p?
3
Let o(k) = -2*k**2 - 2*k - 1. Let v be o(-2). Let a = 7 + v. Suppose -y + 6 = a*y. What is the units digit of y?
2
Suppose 0 = -2*r - 0*r. Suppose r = -p + 5*p - 112. What is the tens digit of p?
2
What is the tens digit of (-196)/35*(-15)/2?
4
Suppose -3*k + 354 + 1441 = -2*g, 4*k = 2*g + 2390. What is the tens digit of 2/(-8) - k/(-28)?
2
Let p(k) = k**2 - 13*k - 14. Let w be p(14). Let j = w + 35. What is the units digit of j?
5
Let p be (8/16)/(1/16). Let k = p + -4. What is the units digit of k?
4
Let s(j) = 4*j**2 - j - 4. What is the hundreds digit of s(-5)?
1
Let t(a) = 2*a**2 - a + 5. What is the units digit of t(6)?
1
Suppose -117 = -u - 2*u. Let n = -17 + u. What is the tens digit of n?
2
Let x(d) = -d**3 - 11*d**2 - d + 9. Let s be x(-11). Suppose 9 - s = -g. What is the tens digit of g?
1
Let r(i) be the second derivative of 5*i**3/6 + 7*i**2/2 - 7*i. What is the units digit of r(4)?
7
Suppose 0*o = -3*o. Suppose 2*l - 11 + 1 = o. Suppose -4*g = l - 25. What is the units digit of g?
5
Suppose 0 = -5*j + 2*q + 2, 0 = -5*q + 10 + 10. Suppose -3*w = -j*w - 4. What is the units digit of w?
4
Suppose -3*g - 10*g + 3835 = 0. What is the tens digit of g?
9
Suppose 0 = -f - 0*f + 2. Let d = f + 2. Suppose -3*o = -d*o + 12. What is the tens digit of o?
1
Let s be 6 - (-1 + (2 - 1)). What is the units digit of (3/s)/(3/12)?
2
Let x = 18 + 16. What is the tens digit of x?
3
Let t = 1 + -1. Let l = -4 + 7. Suppose t = -g + l - 0. What is the units digit of g?
3
Let y = -260 + 364. Let r = y - 55. What is the units digit of r?
9
Suppose -7 - 12 = -i. What is the units digit of i?
9
What is the tens digit of 452/12*2 + (-2)/6?
7
Suppose -3 = -0*n + 3*n. Let z be (2 - -1) + 2 - n. What is the units digit of 26/3 - z/9?
8
Let a(n) = 42*n - 21. What is the hundreds digit of a(5)?
1
Suppose 4*t + 248 = 4*r, 0 = -0*t + 3*t - 3. Suppose 0 = 10*n - 7*n - r. What is the units digit of n?
1
Let u = -4 + 9. Let l(d) = -6 - 4*d**2 - d**3 - 2*d + 1 + 2*d**3. What is the units digit of l(u)?
0
What is the units digit of 10 + (-2)/(-4)*-2?
9
Let w(t) = -t**2 - 9*t + 4. Suppose -u - 9 = -3*f + 5*f, 0 = f + 1. Let x = -1 + u. What is the units digit of w(x)?
2
Let x be ((-5)/3)/(8/(-24)). Suppose -q + 32 = 5*w + 9, 0 = -x*q - 2*w + 115. What is the tens digit of q?
2
What is the units digit of (658/(-70))/(2/(-10))?
7
Let j(s) be the second derivative of -s**5/20 - 5*s**4/12 + 5*s**3/6 + 9*s**2/2 + 3*s. Let c be j(-6). Let z = -5 + c. What is the tens digit of z?
1
Let j be 3*(-2)/(-12)*6. Suppose -4*q + 20 = -3*u + 7*u, j*u + 3 = 0. What is the units digit of q?
6
Let p(f) = -f + 33. What is the units digit of p(10)?
3
Suppose t = 3*c - 100, 2*t - 165 = -4*c - 25. What is the tens digit of c?
3
Let g be (-2)/(-4) - 3/6. Let n = g + 1. What is the units digit of n?
1
Suppose 40 + 98 = 3*a. What is the units digit of a?
6
Let g = -8 + 32. What is the tens digit of g?
2
Let s(g) be the first derivative of 1/2*g**2 - 1 - 5*g. What is the units digit of s(6)?
1
Let d = -10 + 6. Let s(k) = -k**3 - 3*k**2 - 4*k - 5. Let y be s(d). Suppose 5*h - y = -4*c, c = h - 5*h + 26. What is the units digit of h?
7
Suppose 12*l + 120 = 17*l. What is the tens digit of l?
2
Suppose -4*k + 40 = 4*z, -2*k - 3*k + 34 = z. Suppose -2*n + 0*n = -k. Suppose 0 = -2*c + n + 1. What is the units digit of c?
2
Let v(d) = -70*d**3 + d**2 + 3*d + 2. What is the units digit of v(-1)?
0
Suppose -4*a = f - 2*f + 64, 0 = -f + 3*a + 62. What is the tens digit of f?
5
Suppose -2*t + 4 = 8, -l - 3*t = 4. Suppose -35 = -v - 3*v + 5*n, -50 = -2*v - 4*n. Suppose -l*f + 5*f = v. What is the units digit of f?
5
Let c be 4/((4/27)/(-2)). Let f be ((-4)/3)/(2/c). Let d = f - 22. What is the tens digit of d?
1
Let v be (-5)/((-10)/6)*-1. What is the units digit of v*(1 + 0 + -2)?
3
Let u(o) be the first derivative of -o**4/4 - 2*o**3/3 + o**2/2 - 2*o - 1. Suppose 23 = -b + 4*w, 2*b + 5*w - 13 - 6 = 0. What is the units digit of u(b)?
4
Suppose -19 = -2*h + 19. What is the units digit of h?
9
Let q(c) = -c**3 + 7*c**2 + c + 9. Let w(g) = g**3 + 7*g**2 + 4. Let n be w(-7). Suppose -28 = -n*r - 0*r. What is the tens digit of q(r)?
1
Let t = 28 - 18. What is the units digit of (12/t)/(8/60)?
9
Let l be 1 + -2 - (-24)/(-2). Suppose -8 = -i + 12. Let q = l + i. What is the units digit of q?
7
Let s(j) = 6*j - 4. What is the units digit of s(11)?
2
Suppose -3*a - 156 = -2*j - 0*j, -4*j = -4*a - 304. What is the tens digit of j?
7
Suppose -4*s + 3*s + 12 = 0. Suppose 4*n - 2*n - s = 0. Suppose -4*v = -n - 18. What is the units digit of v?
6
Suppose 2*r + 6 = 3*y, -3*y - r + 10 = 2*y. Let f = 6 - y. Suppose 2*z = f*z - 10, -3*m + 26 = z. What is the units digit of m?
7
Let i(s) = s**2 + 6*s - 11. What is the units digit of i(-8)?
5
Suppose 5*m - 576 + 176 = 0. Let n = -45 + m. What is the tens digit of n?
3
Suppose 94 = 6*d - d + 3*t, 78 = 4*d + t. What is the units digit of d?
0
Let v(q) = 246*q**2 - 2*q - 1. What is the hundreds digit of v(-1)?
2
Let h(w) = 2*w - 2. Let p be h(3). Suppose -2*u - 40 = -u + 3*y, 20 = -p*y. Let r = u + 40. What is the units digit of r?
5
Suppose -10*a = -a - 207. What is the tens digit of a?
2
Suppose 3*c - 13 = 26. What is the units digit of c/((-2)/(-8 + 4))?
6
Let q = 100 + 33. What is the units digit of q?
3
What is the tens digit of 0*((-2 - 1) + 2) - -181?
8
Let q(g) = -2*g**2 + 4*g - 2. Let x be (5 - 0) + (-1 - -1). Let t be q(x). What is the units digit of t/(-12) + (-4)/6?
2
Suppose 2*k - 146 = 3*j, 0 = -3*k + 5*k + 2*j - 136. Suppose -p = 3*v - 36, 6*p = -5*v + p + k. What is the tens digit of v?
1
Suppose 16 = 4*v, -v = -3*k - 2*v + 19. What is the units digit of k?
5
Suppose i + 5*b = -0*b - 32, -2*i = 2*b + 32. Let n be (i + 0)*(-2)/6. Suppose c - 5*w = 8, 0*c + 17 = c + n*w. What is the tens digit of c?
1
Let b(g) = -g**3 - 9*g**2 + 15*g + 21. What is the tens digit of b(-11)?
9
Let v(p) = -p**3 + p**2 + p + 2. Let l be v(0). Suppose 2*m - 4 = l*r, 4*r - 2*m - 3*m + 13 = 0. Suppose 0*w = r*w - 12. What is the units digit of w?
4
Suppose y + y + 2 = 0. What is the units digit of (-498)/(-42) + y/(-7)?
2
Let y be 174/10 - 3/(-5). Let v = y - 4. What is the tens digit of v?
1
Let z(y) = y**2 - 2*y - 6. Let n be z(4). Let j(t) = 12*t - 1. What is the tens digit of j(n)?
2
Suppose -2*r = -0*r - 4. Suppose 5*x + r*t + 357 = 1425, -4*x - t = -852. What is the units digit of 3/9 + x/12?
8
Suppose 0 = 5*h + 3*c - 282, h - 3*c - 42 = -0*c. What is the units digit of h?
4
What is the tens digit of 23 + 5/(-5) + 2?
2
Let h be 0/(-1 - 0) + -1. What is the units digit of h*(-1 + 2) - -3?
2
Suppose n = l + 1, 1 = 3*l - 2. Suppose 0 = t + n*j + 7, 0*t = -t - 5*j - 16. What is the units digit of 26/t*3/(-6)?
3
Let u be 2/(-2)*(1 + 10). Let z = u - -21. What is the units digit of z?
0
Let l = -25 + 4. Let g be (-6)/l - (-136)/14. Suppose -2*u = u - 4*r - g, 5*r = 3*u - 11. What is the units digit of u?
2
What is the units digit of 1 - ((-3)/(-1) - 20)?
8
Let d be (-1)/(2/(-3 - -5)). Let b be -2 - (-2 - 1)/d. Let n(a) = a**2 + 4*a + 5. What is the tens digit of n(b)?
1
Let r = -82 + 189.